 + 3*k + 10. Let y(a) = -5*a**3 + 91*a**2 - 14*a - 50. Let f(m) = 11*w(m) + 2*y(m). Is f(16) a multiple of 15?
True
Suppose -24 - 12 = -18*v. Suppose -3*l + v*l = -86. Is 39 a factor of l?
False
Suppose 0*j - 6 = -4*k - j, 3*j - 2 = -4*k. Suppose -5*i - v + 1083 = -2*v, -v = k*i - 429. Is 24 a factor of i?
True
Let k be (-4 - -229)*(2 - -1). Suppose k = 25*g - 22*g. Does 45 divide g?
True
Let u = -710 + 1220. Is 4 a factor of u?
False
Let f = -1219 + 1538. Is f a multiple of 13?
False
Suppose -9*s + 51 + 3 = 0. Let x(c) = -c + 25. Does 8 divide x(s)?
False
Let h(x) = 5*x**2 + 20*x + 78. Is h(-9) a multiple of 41?
False
Let f = -5070 - -8528. Does 26 divide f?
True
Let j(l) = 1284*l + 50. Is j(2) a multiple of 22?
True
Let m(w) = 2*w - 19. Let r be m(12). Let c = 24 + r. Suppose 5*g - 52 = 2*l, l = -3*g - 0*l + c. Is g a multiple of 10?
True
Let l be ((-84)/(-63))/(2/3). Suppose -8 - 2 = -l*g. Suppose -224 = -4*w - g*r, -w - w + 4*r = -138. Is w a multiple of 26?
False
Suppose 51*j + 15858 - 45081 = 0. Is 11 a factor of j?
False
Let x(i) = -i**3 - i**2 - 4*i + 121. Does 5 divide x(0)?
False
Suppose -5*r - 400 = -10*r. Suppose -77*c + r*c = 117. Is c a multiple of 13?
True
Let o be 3/9*(3 - 0). Suppose -j + 4 = -o. Is 5 a factor of j?
True
Does 23 divide 12/4 - 3/(18/(-4128))?
False
Let g(l) = -2*l - 30. Let n(t) = -t - 15. Let y(w) = 4*g(w) - 9*n(w). Let q be 1/(-3) - (-176)/24. Is 8 a factor of y(q)?
False
Let v(f) = 3*f - 25. Let x be v(7). Is (-3)/(x/(16/6)) a multiple of 2?
True
Suppose 5 = -3*y + r, 0 = -5*y + 2*y - 4*r + 20. Suppose y = -5*h + 14 + 26. Is 4 a factor of h?
True
Suppose -4*r + i - 24 = 0, 3*r + i - 3*i + 18 = 0. Let p(g) = 2*g**3 + 14*g**2 - 9*g - 4. Is 25 a factor of p(r)?
False
Let z(x) = -28*x - 14. Is z(-14) a multiple of 54?
True
Let c = -20 + 14. Let r = 2 + c. Does 12 divide (r - -2)/((-1)/21)?
False
Suppose -2 = -q - 4*d - 10, 4 = 5*q - 2*d. Suppose 4*i + 1960 = -q*i. Is 13 a factor of ((-1)/2)/(5/i)?
False
Does 16 divide (3895/82)/(2/68)?
False
Suppose 247 = 4*w - 353. Suppose -w = -7*h + h. Does 8 divide h?
False
Suppose 0 = 16*m - 14*m. Suppose 4*o = 3*l + 88, m*o + 2*o = -4*l + 44. Is o a multiple of 8?
False
Suppose 8*w - 3*w + 3*f = -953, 572 = -3*w - 2*f. Let i = w + 268. Is 26 a factor of i?
True
Is (0 + 588/(-9))/((-18)/54) a multiple of 14?
True
Let f = -867 - -1457. Is f a multiple of 11?
False
Suppose 0 = -3*c - 3 + 12. Let z be c/2 + 153/18. Let d = 3 + z. Does 13 divide d?
True
Let f be 0 + (36*1)/(-2). Let k = -16 - f. Is 18 a factor of k - 20/(-8)*14?
False
Let k(r) = -13 - 11*r**2 - 6*r + 6*r**3 - r**2 - 2*r**3 - 3*r**3. Is k(13) a multiple of 13?
True
Suppose -4252 = -8*m - 316. Let l = -324 + m. Is 14 a factor of l?
True
Suppose 2*p + 2*r - 1100 = 0, 3*p + 4*r - 894 = 756. Is p a multiple of 50?
True
Let m be (2/6 + 0)*3. Let g be 24/3 - 1 - m. Does 17 divide 36/((-4)/(-36)*g)?
False
Let s(q) = -q**2 - 11*q - 17. Let u = -23 - -17. Is s(u) a multiple of 13?
True
Let a = -123 + 128. Suppose -5*m = 3*k - 78, -3*m - 11 = -4*k + 64. Suppose -a*x = -4*x - k. Is 7 a factor of x?
True
Let c(g) = 4*g - 2. Let l be c(-1). Is 20 a factor of 4/l - 355/(-15)?
False
Suppose 2*h + 0*l + l + 1 = 0, 2*l + 14 = 2*h. Suppose 0 = h*i + 4*f - 290 - 6, 3*i + 2*f = 452. Is 37 a factor of i?
False
Let c be -28*((-28)/(-16) - -1). Let h = 143 + c. Suppose -1 + h = 5*r. Is r a multiple of 13?
True
Suppose 6*a = 2*a + 1020. Is 51 a factor of a?
True
Suppose -49*z = -21*z - 17724. Is 5 a factor of z?
False
Suppose 542*g - 539*g = 1851. Does 3 divide g?
False
Let t(o) = 2*o**3 + 2*o - 4 + 78*o**2 - 78*o**2. Let z be t(3). Suppose -4*k + 2*l + 316 = 0, 3*l + 210 = 2*k + z. Does 20 divide k?
True
Suppose 0 = 3*x - 3 - 3. Let j(q) = -3*q**2 + q + 4. Let u be j(x). Is 28 a factor of u/(-4 - -1) - -26?
True
Suppose 3*w + 561 = 5*a, -2*a - 10*w + 5*w + 212 = 0. Does 6 divide a?
False
Let l(r) = 31*r + 112. Does 9 divide l(17)?
True
Let i(j) = -j**3 - 5*j**2 + 7*j + 6. Let q be i(-6). Suppose 4*s + 0*s + 4*x + 52 = q, 0 = 5*s - 2*x + 30. Let w(c) = -c**2 - 12*c - 6. Is 24 a factor of w(s)?
False
Suppose 27*n - 28*n + 3 = 0, -5*n + 4911 = 4*u. Is u a multiple of 33?
False
Is (196/(-21))/((-7)/(21/2)) a multiple of 5?
False
Suppose -6*h = -5882 + 14. Is h a multiple of 6?
True
Let o(d) = d**3 + 10*d**2 - 6*d + 1. Does 21 divide o(-8)?
False
Does 5 divide 1 + 90 - (35 - 39)?
True
Suppose -638*z = -643*z + 6535. Does 55 divide z?
False
Let a = -128 - -314. Let s = -86 + a. Does 50 divide s?
True
Is 8 a factor of -4 + 3 - (-3)/(6/532)?
False
Let j(b) = b**2 - 11. Let p be j(7). Suppose -3*s + 2*a + a = -15, -4*s - 5*a + p = 0. Let c = 37 - s. Is 6 a factor of c?
True
Suppose -221*x + 215*x + 282 = 0. Is 2 a factor of x?
False
Suppose 0 = -56*u + 45*u + 44726. Does 19 divide u?
True
Suppose 547 - 119 = -2*f. Let w = -34 - f. Is 36 a factor of w?
True
Let r = 19 - 10. Suppose 2*t + r + 21 = 0. Let x = t - -29. Does 3 divide x?
False
Let v(o) = o**3 + 4*o**2 - o - 4. Let h be v(-4). Suppose -r - r = h. Suppose 0 = f - 3*p - 25, r = -p + 4. Does 14 divide f?
False
Let j(d) = -d**2 + 7*d. Let m(y) = y. Let q be m(-2). Let c be (q/6)/(1/(-12)). Is j(c) a multiple of 6?
True
Let g(l) = -76*l**3 - 3*l**2 - 6*l - 11. Is g(-2) a multiple of 6?
False
Let u(m) = -21*m + 11. Is 68 a factor of u(-11)?
False
Let f(o) = 2*o**3 + 2*o**2 - o - 5. Is 29 a factor of f(5)?
True
Let y(v) = 5*v**2 - 6*v - 5. Does 14 divide y(5)?
False
Let x = 977 - 654. Is x a multiple of 39?
False
Let f = -6 - -9. Let t be f/(-3) + -2 + 3. Suppose 4*a + l - 68 = t, 2*l + 3*l = 5*a - 110. Does 9 divide a?
True
Is 33 a factor of (9 + -12 + -5)*1881/(-12)?
True
Let g be 25/100 + (-19)/(-8)*2. Suppose -g = -3*p + 7. Does 2 divide p?
True
Let w be (1 - 5/2)/((-7)/(-868)). Let r = w + 333. Is 24 a factor of r?
False
Let a(z) = z**3 + 8*z**2 + 4*z - 1. Let s be a(-6). Let u = -42 - -46. Suppose -s - u = -r. Does 13 divide r?
False
Let f be 2/(-4) + (-1)/(-2). Let c be 80/24*(9 - f). Let l = -15 + c. Is l a multiple of 5?
True
Let d(u) = u**2 + 10*u + 13. Let x be d(-10). Suppose 3 = g - x. Is 2 a factor of g?
True
Suppose 5*z - 3*o - 39 = 0, -5*o + 3 - 12 = z. Is 138/12 + z/4 a multiple of 12?
False
Suppose 7*h - 20 = 8. Suppose 3*z = 2*z - h, -u + 3*z = -180. Is u a multiple of 13?
False
Suppose 9*r - 6733 = -1630. Does 6 divide r?
False
Suppose 4*p - 681 = -10*f + 5*f, 674 = 4*p - 2*f. Does 13 divide p?
True
Suppose -k - 15 = -6*k. Let f = 2 - -25. Let x = k + f. Does 6 divide x?
True
Let m be 3 - (9 + -6 - (76 + 0)). Suppose 3*p - 5*p = -m. Is 19 a factor of p?
True
Let w be 3 - -1 - 7 - -15. Suppose w = -3*p, 1 = -a - p + 51. Is 18 a factor of a?
True
Suppose d - 33 = -2*d. Suppose 12*v = d*v + 30. Is 4 a factor of v?
False
Let v(h) = 4*h**2 + 32*h + 248. Is 11 a factor of v(-10)?
False
Does 4 divide (9 + 87)*6/4?
True
Suppose 2*j + 7*j = 3879. Is j a multiple of 6?
False
Suppose 0*u - 32 = -8*u. Suppose -t - 3*t + 76 = 4*a, 12 = u*t. Is a a multiple of 16?
True
Let h be 18 - (-1 + 2 + 3). Suppose h*j - 15*j = 0. Suppose -4*u + 118 - 34 = j. Does 14 divide u?
False
Let f = 62 - 94. Let i be 426/24 - 2/(-8). Let u = i - f. Does 10 divide u?
True
Suppose -3*r - 27 + 183 = 0. Is 52 a factor of r?
True
Suppose 5*i - 12 = 2*i. Let f = 72 + -24. Suppose f = i*y - 0*y + 5*v, -4*y - 3*v + 40 = 0. Is y a multiple of 6?
False
Suppose 0 = -5*k + 2*r + 430, -5*k + 0*k - 5*r = -395. Suppose c + 4*c - f = k, 69 = 4*c + f. Is 15 a factor of c?
False
Suppose -3*y + 4*z = 247, -6*y + 2*y - 336 = -4*z. Suppose 0 = h + 2*r + 71 - 3, 3*h = -3*r - 189. Let b = h - y. Is b a multiple of 10?
False
Let o(m) = 9*m + 14. Let p(s) = -7*s - 13. Let q(a) = 5*o(a) + 4*p(a). Is q(2) a multiple of 15?
False
Let t = 2607 - 1599. Is 35 a factor of t?
False
Let j(u) = -14 - 1 - 8 - 20*u - 3. Is 23 a factor of j(-6)?
False
Is (-8)/(96/(-20))*(41 + -2) a multiple of 7?
False
Suppose -3*x = -117 + 3. Suppose 0 = 3*r - 5*r - x. Let l = 32 + r. Is l a multiple of 3?
False
Is 11 a factor of (10 + (-1342)/(-33))*(-39)/(-4)?
False
Suppose -7*x = -5*i - 3*x + 939, 0 = 3*i + 2*x - 559. Let m be (-1)/2 - i/(-22). Let d = m - -19. Is d a multiple of 27?
True
Suppose -2*x + 4 = -2*o, 5*x = o - 0*o + 10. Is 5 a factor of